{"id":1092,"date":"2026-01-04T19:57:54","date_gmt":"2026-01-04T18:57:54","guid":{"rendered":"https:\/\/un-eveil-en-soi.com\/?page_id=1092"},"modified":"2026-02-22T16:52:11","modified_gmt":"2026-02-22T15:52:11","slug":"la-trame","status":"publish","type":"page","link":"https:\/\/un-eveil-en-soi.com\/index.php\/la-trame\/","title":{"rendered":"LA TRAME \u00ae"},"content":{"rendered":"<div class=\"wp-block-image\">\n<figure class=\"aligncenter size-large is-resized\"><img loading=\"lazy\" decoding=\"async\" width=\"1024\" height=\"328\" src=\"https:\/\/un-eveil-en-soi.com\/wp-content\/uploads\/2026\/01\/2023-logo-la-trame-scaled-1-1024x328.jpeg\" alt=\"\" class=\"wp-image-1093\" style=\"aspect-ratio:3.1221215759030887;width:223px;height:auto\" srcset=\"https:\/\/un-eveil-en-soi.com\/wp-content\/uploads\/2026\/01\/2023-logo-la-trame-scaled-1-1024x328.jpeg 1024w, https:\/\/un-eveil-en-soi.com\/wp-content\/uploads\/2026\/01\/2023-logo-la-trame-scaled-1-300x96.jpeg 300w, https:\/\/un-eveil-en-soi.com\/wp-content\/uploads\/2026\/01\/2023-logo-la-trame-scaled-1-768x246.jpeg 768w, https:\/\/un-eveil-en-soi.com\/wp-content\/uploads\/2026\/01\/2023-logo-la-trame-scaled-1-1536x493.jpeg 1536w, https:\/\/un-eveil-en-soi.com\/wp-content\/uploads\/2026\/01\/2023-logo-la-trame-scaled-1-2048x657.jpeg 2048w\" sizes=\"auto, (max-width: 1024px) 100vw, 1024px\" \/><\/figure>\n<\/div>\n\n\n<p><\/p>\n\n\n\n<p><\/p>\n\n\n\n<p><\/p>\n\n\n\n<p class=\"has-accent-color has-text-color has-link-color wp-elements-967431dc1eb85dbeea441337c0e5d757\"><strong>Pourquoi choisir la Trame \u00ae plut\u00f4t qu&#8217;une autre approche de soin \u00e9nerg\u00e9tique ?<\/strong><\/p>\n\n\n\n<p class=\"has-text-color has-link-color wp-elements-de4449b07b07f3b03a5973d6594630d4\" style=\"color:#743975\">Je pratique le soin vibratoire de la Trame parce que je l\u2019ai d\u2019abord exp\u00e9riment\u00e9 sur moi-m\u00eame et qu&#8217;il se suffit \u00e0 lui m\u00eame. Ce soin m\u2019a profond\u00e9ment aid\u00e9e \u00e0 me reconnecter \u00e0 qui je suis, \u00e0 clarifier mes choix et \u00e0 prendre des d\u00e9cisions justes pour moi. Il m\u2019a permis d\u2019avancer avec plus de conscience, de clart\u00e9 et d\u2019alignement, aussi bien dans ma vie personnelle que professionnelle. Aujourd\u2019hui, c\u2019est avec conviction et gratitude que je transmets ce soin, tant il a \u00e9t\u00e9 transformateur dans mon propre parcours.<\/p>\n\n\n\n<p class=\"has-accent-color has-text-color has-link-color wp-elements-034558b29a49a93a2baabf1cc6de9180\"><strong>Qu\u2019est-ce que la Trame ?<\/strong><\/p>\n\n\n\n<p class=\"has-text-color has-link-color wp-elements-ce598a3f88f66d9a0086e766623866e1\" style=\"color:#743975\"><strong>La Trame\u00ae<\/strong>, d\u00e9velopp\u00e9e par Patrick Burensteinas en 1990, est une <strong>technique vibratoire<\/strong> <strong>qui r\u00e9gule la circulation de l&#8217;information dans le corps.<\/strong> Selon lui, un plan d&#8217;information est essentiel au bon fonctionnement de l&#8217;organisme. Cette trame, ressemblant aux fils d&#8217;un tissu, permet aux cellules et organes de recevoir l&#8217;information n\u00e9cessaire \u00e0 leurs fonctions. Une circulation harmonieuse de l&#8217;information est cruciale pour l&#8217;\u00e9quilibre et la sant\u00e9, tandis que toute perturbation peut causer des d\u00e9sordres et du mal-\u00eatre.<\/p>\n\n\n\n<p class=\"has-accent-color has-text-color has-link-color wp-elements-369ed201232fe23fe698065586426d9f\"><strong>Principe et d\u00e9roulement de la s\u00e9ance<\/strong><\/p>\n\n\n\n<p class=\"has-text-color has-link-color wp-elements-bcbdc3c09107026167e793c60cca9e41\" style=\"color:#743975\">Une s\u00e9ance de Trame\u00ae dure environ 45 minutes, durant laquelle la personne est habill\u00e9e, allong\u00e9e et confortable. Le praticien effectue une s\u00e9quence de 16 gestes codifi\u00e9s. Les s\u00e9ances doivent \u00eatre espac\u00e9es de 3 \u00e0 6 semaines pour permettre une auto-r\u00e9gulation du corps. Les bienfaits observ\u00e9s incluent :<\/p>\n\n\n\n<ul class=\"wp-block-list\">\n<li class=\"has-text-color has-link-color wp-elements-d99350d4cc1b00496284feeb7444b8a6\" style=\"color:#743975\"><strong><em>Apaisement et bien-\u00eatre<\/em><\/strong><\/li>\n\n\n\n<li class=\"has-text-color has-link-color wp-elements-fd942557047c38f6435b095d117cd605\" style=\"color:#743975\"><strong><em>Meilleure capacit\u00e9 \u00e0 prendre des d\u00e9cisions<\/em><\/strong><\/li>\n\n\n\n<li class=\"has-text-color has-link-color wp-elements-b7e0fcaf7817f7e69364f7b46bbe6791\" style=\"color:#743975\"><strong><em>Retrouver le meilleur de soi-m\u00eame<\/em><\/strong><\/li>\n<\/ul>\n\n\n\n<p class=\"has-text-align-center has-text-color has-link-color wp-elements-c0e51f1de29196d674c1a2153f3aedae\" style=\"color:#743975\"><mark style=\"background-color:rgba(0, 0, 0, 0)\" class=\"has-inline-color has-accent-color\"><strong>LaTrame\u00ae est une pratique d\u2019harmonisation globale<\/strong>.<\/mark><\/p>\n\n\n\n<p class=\"has-text-color has-link-color wp-elements-a942f04eb45bfe8ff5c2b986e3ed8dcb\" style=\"color:#743975\"><\/p>\n\n\n\n<p><\/p>\n","protected":false},"excerpt":{"rendered":"<p>Pourquoi choisir la Trame \u00ae plut\u00f4t qu&#8217;une autre approche de soin \u00e9nerg\u00e9tique ? Je pratique le soin vibratoire de la Trame parce que je l\u2019ai d\u2019abord exp\u00e9riment\u00e9 sur moi-m\u00eame et qu&#8217;il se suffit \u00e0 lui m\u00eame. Ce soin m\u2019a profond\u00e9ment aid\u00e9e \u00e0 me reconnecter \u00e0 qui je suis, \u00e0 clarifier [&hellip;]<\/p>\n","protected":false},"author":1,"featured_media":1106,"parent":0,"menu_order":0,"comment_status":"closed","ping_status":"closed","template":"","meta":{"footnotes":""},"class_list":["post-1092","page","type-page","status-publish","has-post-thumbnail","hentry"],"yoast_head":"<!-- This site is optimized with the Yoast SEO plugin v27.0 - https:\/\/yoast.com\/product\/yoast-seo-wordpress\/ -->\n<title>LA TRAME \u00ae - Un \u00e9veil en soi<\/title>\n<meta name=\"robots\" content=\"index, follow, max-snippet:-1, max-image-preview:large, max-video-preview:-1\" \/>\n<link rel=\"canonical\" href=\"https:\/\/un-eveil-en-soi.com\/index.php\/la-trame\/\" \/>\n<meta property=\"og:locale\" content=\"en_US\" \/>\n<meta property=\"og:type\" content=\"article\" \/>\n<meta property=\"og:title\" content=\"LA TRAME \u00ae - Un \u00e9veil en soi\" \/>\n<meta property=\"og:description\" content=\"Pourquoi choisir la Trame \u00ae plut\u00f4t qu&#8217;une autre approche de soin \u00e9nerg\u00e9tique ? Je pratique le soin vibratoire de la Trame parce que je l\u2019ai d\u2019abord exp\u00e9riment\u00e9 sur moi-m\u00eame et qu&#8217;il se suffit \u00e0 lui m\u00eame. Ce soin m\u2019a profond\u00e9ment aid\u00e9e \u00e0 me reconnecter \u00e0 qui je suis, \u00e0 clarifier [&hellip;]\" \/>\n<meta property=\"og:url\" content=\"https:\/\/un-eveil-en-soi.com\/index.php\/la-trame\/\" \/>\n<meta property=\"og:site_name\" content=\"Un \u00e9veil en soi\" \/>\n<meta property=\"article:modified_time\" content=\"2026-02-22T15:52:11+00:00\" \/>\n<meta property=\"og:image\" content=\"https:\/\/un-eveil-en-soi.com\/wp-content\/uploads\/2026\/01\/bandeau-site.jpg\" \/>\n\t<meta property=\"og:image:width\" content=\"2000\" \/>\n\t<meta property=\"og:image:height\" content=\"300\" \/>\n\t<meta property=\"og:image:type\" content=\"image\/jpeg\" \/>\n<meta name=\"twitter:card\" content=\"summary_large_image\" \/>\n<meta name=\"twitter:label1\" content=\"Est. reading time\" \/>\n\t<meta name=\"twitter:data1\" content=\"2 minutes\" \/>\n<script type=\"application\/ld+json\" class=\"yoast-schema-graph\">{\"@context\":\"https:\/\/schema.org\",\"@graph\":[{\"@type\":\"WebPage\",\"@id\":\"https:\/\/un-eveil-en-soi.com\/index.php\/la-trame\/\",\"url\":\"https:\/\/un-eveil-en-soi.com\/index.php\/la-trame\/\",\"name\":\"LA TRAME \u00ae - Un \u00e9veil en soi\",\"isPartOf\":{\"@id\":\"https:\/\/un-eveil-en-soi.com\/#website\"},\"primaryImageOfPage\":{\"@id\":\"https:\/\/un-eveil-en-soi.com\/index.php\/la-trame\/#primaryimage\"},\"image\":{\"@id\":\"https:\/\/un-eveil-en-soi.com\/index.php\/la-trame\/#primaryimage\"},\"thumbnailUrl\":\"https:\/\/un-eveil-en-soi.com\/wp-content\/uploads\/2026\/01\/bandeau-site.jpg\",\"datePublished\":\"2026-01-04T18:57:54+00:00\",\"dateModified\":\"2026-02-22T15:52:11+00:00\",\"breadcrumb\":{\"@id\":\"https:\/\/un-eveil-en-soi.com\/index.php\/la-trame\/#breadcrumb\"},\"inLanguage\":\"en-US\",\"potentialAction\":[{\"@type\":\"ReadAction\",\"target\":[\"https:\/\/un-eveil-en-soi.com\/index.php\/la-trame\/\"]}]},{\"@type\":\"ImageObject\",\"inLanguage\":\"en-US\",\"@id\":\"https:\/\/un-eveil-en-soi.com\/index.php\/la-trame\/#primaryimage\",\"url\":\"https:\/\/un-eveil-en-soi.com\/wp-content\/uploads\/2026\/01\/bandeau-site.jpg\",\"contentUrl\":\"https:\/\/un-eveil-en-soi.com\/wp-content\/uploads\/2026\/01\/bandeau-site.jpg\",\"width\":2000,\"height\":300,\"caption\":\"La trame - la trame\u00ae-soin La Trame - soin vibratoire La Trame\"},{\"@type\":\"BreadcrumbList\",\"@id\":\"https:\/\/un-eveil-en-soi.com\/index.php\/la-trame\/#breadcrumb\",\"itemListElement\":[{\"@type\":\"ListItem\",\"position\":1,\"name\":\"Accueil\",\"item\":\"https:\/\/un-eveil-en-soi.com\/\"},{\"@type\":\"ListItem\",\"position\":2,\"name\":\"LA TRAME \u00ae\"}]},{\"@type\":\"WebSite\",\"@id\":\"https:\/\/un-eveil-en-soi.com\/#website\",\"url\":\"https:\/\/un-eveil-en-soi.com\/\",\"name\":\"Un \u00e9veil en soi - Sabine Lelong - Duclos\",\"description\":\"Dans l&#039;\u00e9coute et la bienveillance\",\"publisher\":{\"@id\":\"https:\/\/un-eveil-en-soi.com\/#organization\"},\"potentialAction\":[{\"@type\":\"SearchAction\",\"target\":{\"@type\":\"EntryPoint\",\"urlTemplate\":\"https:\/\/un-eveil-en-soi.com\/?s={search_term_string}\"},\"query-input\":{\"@type\":\"PropertyValueSpecification\",\"valueRequired\":true,\"valueName\":\"search_term_string\"}}],\"inLanguage\":\"en-US\"},{\"@type\":\"Organization\",\"@id\":\"https:\/\/un-eveil-en-soi.com\/#organization\",\"name\":\"Un \u00e9veil en soi\",\"url\":\"https:\/\/un-eveil-en-soi.com\/\",\"logo\":{\"@type\":\"ImageObject\",\"inLanguage\":\"en-US\",\"@id\":\"https:\/\/un-eveil-en-soi.com\/#\/schema\/logo\/image\/\",\"url\":\"https:\/\/un-eveil-en-soi.com\/wp-content\/uploads\/2024\/06\/Logo-SL.png\",\"contentUrl\":\"https:\/\/un-eveil-en-soi.com\/wp-content\/uploads\/2024\/06\/Logo-SL.png\",\"width\":394,\"height\":250,\"caption\":\"Un \u00e9veil en soi\"},\"image\":{\"@id\":\"https:\/\/un-eveil-en-soi.com\/#\/schema\/logo\/image\/\"}}]}<\/script>\n<!-- \/ Yoast SEO plugin. -->","yoast_head_json":{"title":"LA TRAME \u00ae - Un \u00e9veil en soi","robots":{"index":"index","follow":"follow","max-snippet":"max-snippet:-1","max-image-preview":"max-image-preview:large","max-video-preview":"max-video-preview:-1"},"canonical":"https:\/\/un-eveil-en-soi.com\/index.php\/la-trame\/","og_locale":"en_US","og_type":"article","og_title":"LA TRAME \u00ae - Un \u00e9veil en soi","og_description":"Pourquoi choisir la Trame \u00ae plut\u00f4t qu&#8217;une autre approche de soin \u00e9nerg\u00e9tique ? Je pratique le soin vibratoire de la Trame parce que je l\u2019ai d\u2019abord exp\u00e9riment\u00e9 sur moi-m\u00eame et qu&#8217;il se suffit \u00e0 lui m\u00eame. Ce soin m\u2019a profond\u00e9ment aid\u00e9e \u00e0 me reconnecter \u00e0 qui je suis, \u00e0 clarifier [&hellip;]","og_url":"https:\/\/un-eveil-en-soi.com\/index.php\/la-trame\/","og_site_name":"Un \u00e9veil en soi","article_modified_time":"2026-02-22T15:52:11+00:00","og_image":[{"width":2000,"height":300,"url":"https:\/\/un-eveil-en-soi.com\/wp-content\/uploads\/2026\/01\/bandeau-site.jpg","type":"image\/jpeg"}],"twitter_card":"summary_large_image","twitter_misc":{"Est. reading time":"2 minutes"},"schema":{"@context":"https:\/\/schema.org","@graph":[{"@type":"WebPage","@id":"https:\/\/un-eveil-en-soi.com\/index.php\/la-trame\/","url":"https:\/\/un-eveil-en-soi.com\/index.php\/la-trame\/","name":"LA TRAME \u00ae - Un \u00e9veil en soi","isPartOf":{"@id":"https:\/\/un-eveil-en-soi.com\/#website"},"primaryImageOfPage":{"@id":"https:\/\/un-eveil-en-soi.com\/index.php\/la-trame\/#primaryimage"},"image":{"@id":"https:\/\/un-eveil-en-soi.com\/index.php\/la-trame\/#primaryimage"},"thumbnailUrl":"https:\/\/un-eveil-en-soi.com\/wp-content\/uploads\/2026\/01\/bandeau-site.jpg","datePublished":"2026-01-04T18:57:54+00:00","dateModified":"2026-02-22T15:52:11+00:00","breadcrumb":{"@id":"https:\/\/un-eveil-en-soi.com\/index.php\/la-trame\/#breadcrumb"},"inLanguage":"en-US","potentialAction":[{"@type":"ReadAction","target":["https:\/\/un-eveil-en-soi.com\/index.php\/la-trame\/"]}]},{"@type":"ImageObject","inLanguage":"en-US","@id":"https:\/\/un-eveil-en-soi.com\/index.php\/la-trame\/#primaryimage","url":"https:\/\/un-eveil-en-soi.com\/wp-content\/uploads\/2026\/01\/bandeau-site.jpg","contentUrl":"https:\/\/un-eveil-en-soi.com\/wp-content\/uploads\/2026\/01\/bandeau-site.jpg","width":2000,"height":300,"caption":"La trame - la trame\u00ae-soin La Trame - soin vibratoire La Trame"},{"@type":"BreadcrumbList","@id":"https:\/\/un-eveil-en-soi.com\/index.php\/la-trame\/#breadcrumb","itemListElement":[{"@type":"ListItem","position":1,"name":"Accueil","item":"https:\/\/un-eveil-en-soi.com\/"},{"@type":"ListItem","position":2,"name":"LA TRAME \u00ae"}]},{"@type":"WebSite","@id":"https:\/\/un-eveil-en-soi.com\/#website","url":"https:\/\/un-eveil-en-soi.com\/","name":"Un \u00e9veil en soi - Sabine Lelong - Duclos","description":"Dans l&#039;\u00e9coute et la bienveillance","publisher":{"@id":"https:\/\/un-eveil-en-soi.com\/#organization"},"potentialAction":[{"@type":"SearchAction","target":{"@type":"EntryPoint","urlTemplate":"https:\/\/un-eveil-en-soi.com\/?s={search_term_string}"},"query-input":{"@type":"PropertyValueSpecification","valueRequired":true,"valueName":"search_term_string"}}],"inLanguage":"en-US"},{"@type":"Organization","@id":"https:\/\/un-eveil-en-soi.com\/#organization","name":"Un \u00e9veil en soi","url":"https:\/\/un-eveil-en-soi.com\/","logo":{"@type":"ImageObject","inLanguage":"en-US","@id":"https:\/\/un-eveil-en-soi.com\/#\/schema\/logo\/image\/","url":"https:\/\/un-eveil-en-soi.com\/wp-content\/uploads\/2024\/06\/Logo-SL.png","contentUrl":"https:\/\/un-eveil-en-soi.com\/wp-content\/uploads\/2024\/06\/Logo-SL.png","width":394,"height":250,"caption":"Un \u00e9veil en soi"},"image":{"@id":"https:\/\/un-eveil-en-soi.com\/#\/schema\/logo\/image\/"}}]}},"_links":{"self":[{"href":"https:\/\/un-eveil-en-soi.com\/index.php\/wp-json\/wp\/v2\/pages\/1092","targetHints":{"allow":["GET"]}}],"collection":[{"href":"https:\/\/un-eveil-en-soi.com\/index.php\/wp-json\/wp\/v2\/pages"}],"about":[{"href":"https:\/\/un-eveil-en-soi.com\/index.php\/wp-json\/wp\/v2\/types\/page"}],"author":[{"embeddable":true,"href":"https:\/\/un-eveil-en-soi.com\/index.php\/wp-json\/wp\/v2\/users\/1"}],"replies":[{"embeddable":true,"href":"https:\/\/un-eveil-en-soi.com\/index.php\/wp-json\/wp\/v2\/comments?post=1092"}],"version-history":[{"count":15,"href":"https:\/\/un-eveil-en-soi.com\/index.php\/wp-json\/wp\/v2\/pages\/1092\/revisions"}],"predecessor-version":[{"id":1136,"href":"https:\/\/un-eveil-en-soi.com\/index.php\/wp-json\/wp\/v2\/pages\/1092\/revisions\/1136"}],"wp:featuredmedia":[{"embeddable":true,"href":"https:\/\/un-eveil-en-soi.com\/index.php\/wp-json\/wp\/v2\/media\/1106"}],"wp:attachment":[{"href":"https:\/\/un-eveil-en-soi.com\/index.php\/wp-json\/wp\/v2\/media?parent=1092"}],"curies":[{"name":"wp","href":"https:\/\/api.w.org\/{rel}","templated":true}]}}