{"id":36,"date":"2024-06-18T17:30:57","date_gmt":"2024-06-18T15:30:57","guid":{"rendered":"http:\/\/uneveij.cluster023.hosting.ovh.net\/?page_id=36"},"modified":"2026-02-22T16:56:29","modified_gmt":"2026-02-22T15:56:29","slug":"accueil","status":"publish","type":"page","link":"https:\/\/un-eveil-en-soi.com\/","title":{"rendered":"Accueil"},"content":{"rendered":"\n<h6 class=\"wp-block-heading has-text-align-center\">\ud83d\udc49 <mark style=\"background-color:rgba(0, 0, 0, 0)\" class=\"has-inline-color has-header-gradient-color\"><strong><em>Cours de sophrologie en groupe de 6 personnes maximum<\/em><\/strong><\/mark><\/h6>\n\n\n\n<h6 class=\"wp-block-heading has-text-align-center\"><strong><em><mark style=\"background-color:rgba(0, 0, 0, 0)\" class=\"has-inline-color has-header-gradient-color\">le jeudi de 18h \u00e0 19h<\/mark><\/em><\/strong><\/h6>\n\n\n\n<h2 class=\"wp-block-heading has-text-align-center has-accent-color has-text-color has-link-color wp-elements-03503fdc317831f472d1620fb320e342\"><strong>\u2022  \u2022  \u2022<\/strong><\/h2>\n\n\n\n<p class=\"has-text-align-center has-text-color has-link-color wp-elements-5d03cbc1a079991b4091d50abaa0c18a\" style=\"color:#5b255b;font-size:24px\"><mark style=\"background-color:rgba(0, 0, 0, 0)\" class=\"has-inline-color has-header-gradient-color\">Dans l&#8217;\u00e9coute et la bienveillance<\/mark><\/p>\n\n\n\n<div class=\"wp-block-columns is-layout-flex wp-container-core-columns-is-layout-28f84493 wp-block-columns-is-layout-flex\">\n<div class=\"wp-block-column is-layout-flow wp-block-column-is-layout-flow\">\n<div class=\"wp-block-group\"><div class=\"wp-block-group__inner-container is-layout-constrained wp-block-group-is-layout-constrained\">\n<div id=\"http:\/\/uneveij.cluster023.hosting.ovh.net\/index.php\/soins-energetiques-2\/\" class=\"wp-block-group\"><div class=\"wp-block-group__inner-container is-layout-constrained wp-block-group-is-layout-constrained\"><div class=\"wp-block-image\">\n<figure class=\"aligncenter size-full is-resized\"><img loading=\"lazy\" decoding=\"async\" width=\"394\" height=\"394\" src=\"http:\/\/uneveij.cluster023.hosting.ovh.net\/wp-content\/uploads\/2024\/06\/Soins-energetiquesok.png\" alt=\"\" class=\"wp-image-126\" style=\"width:162px;height:auto\" srcset=\"https:\/\/un-eveil-en-soi.com\/wp-content\/uploads\/2024\/06\/Soins-energetiquesok.png 394w, https:\/\/un-eveil-en-soi.com\/wp-content\/uploads\/2024\/06\/Soins-energetiquesok-300x300.png 300w, https:\/\/un-eveil-en-soi.com\/wp-content\/uploads\/2024\/06\/Soins-energetiquesok-150x150.png 150w\" sizes=\"auto, (max-width: 394px) 100vw, 394px\" \/><\/figure>\n<\/div>\n\n\n<h2 class=\"wp-block-heading has-text-align-center has-accent-color has-text-color has-link-color wp-elements-2875f5c7fca9a31b578eee05e602fb5d\" style=\"font-size:22px\"><a href=\"https:\/\/un-eveil-en-soi.com\/index.php\/la-trame\/\">Soin <strong>La Trame \u00ae<\/strong><\/a><\/h2>\n\n\n\n<h2 class=\"wp-block-heading has-text-align-center has-accent-color has-text-color has-link-color wp-elements-77b757f0b4e119d6f1679c795b3bf5da\" style=\"font-size:22px\"><strong><a href=\"https:\/\/un-eveil-en-soi.com\/index.php\/soins-energetiques\/\">Soins<\/a><\/strong><a href=\"https:\/\/un-eveil-en-soi.com\/index.php\/soins-energetiques\/\"><strong> \u00e9nerg\u00e9<\/strong><\/a><strong><a href=\"https:\/\/un-eveil-en-soi.com\/index.php\/soins-energetiques\/\">tiques<\/a><\/strong><\/h2>\n\n\n\n<p class=\"has-text-align-center has-accent-color has-text-color has-link-color wp-elements-9adaf224374c17402421e2091ac6ee73\" style=\"font-size:22px\"><strong><strong><mark style=\"background-color:rgba(0, 0, 0, 0)\" class=\"has-inline-color has-accent-color\"><a href=\"https:\/\/un-eveil-en-soi.com\/index.php\/hypnose-humaniste\/\">Soins Chaman<\/a><a href=\"https:\/\/un-eveil-en-soi.com\/index.php\/soins-chamaniques\/\">iques<\/a><\/mark><\/strong><\/strong><\/p>\n\n\n\n<p class=\"has-text-align-center has-accent-color has-text-color has-link-color wp-elements-7e5b25cda9aff236bc1873b3b9ed84b7\" style=\"font-size:22px\"><strong><a href=\"https:\/\/un-eveil-en-soi.com\/index.php\/reiki-usui\/\"><strong>Soins Reiki Usui<\/strong><\/a><\/strong><\/p>\n<\/div><\/div>\n<\/div><\/div>\n<\/div>\n\n\n\n<div class=\"wp-block-column is-layout-flow wp-block-column-is-layout-flow\"><div class=\"wp-block-image\">\n<figure class=\"aligncenter size-full is-resized\"><img loading=\"lazy\" decoding=\"async\" width=\"394\" height=\"394\" src=\"http:\/\/uneveij.cluster023.hosting.ovh.net\/wp-content\/uploads\/2024\/06\/Soins-sophro-1.png\" alt=\"\" class=\"wp-image-125\" style=\"width:160px;height:auto\" srcset=\"https:\/\/un-eveil-en-soi.com\/wp-content\/uploads\/2024\/06\/Soins-sophro-1.png 394w, https:\/\/un-eveil-en-soi.com\/wp-content\/uploads\/2024\/06\/Soins-sophro-1-300x300.png 300w, https:\/\/un-eveil-en-soi.com\/wp-content\/uploads\/2024\/06\/Soins-sophro-1-150x150.png 150w\" sizes=\"auto, (max-width: 394px) 100vw, 394px\" \/><\/figure>\n<\/div>\n\n\n<p class=\"has-text-align-center has-accent-color has-text-color has-link-color wp-elements-d27e3e1454101e7868248d840d7937fa\" style=\"font-size:22px\"><strong><a href=\"https:\/\/un-eveil-en-soi.com\/index.php\/sophrologie\/\">Sophrologie<\/a><\/strong><\/p>\n\n\n\n<p class=\"has-text-align-center has-accent-color has-text-color has-link-color wp-elements-0942b7d13644c07006508b0cf347cd6e\" style=\"font-size:22px\"><strong><mark style=\"background-color:rgba(0, 0, 0, 0)\" class=\"has-inline-color has-accent-color\"><a href=\"https:\/\/un-eveil-en-soi.com\/index.php\/hypnose-humaniste\/-hypnose\/\">Hypnose<\/a><\/mark><\/strong><\/p>\n<\/div>\n\n\n\n<div class=\"wp-block-column is-layout-flow wp-block-column-is-layout-flow\"><div class=\"wp-block-image\">\n<figure class=\"aligncenter size-full is-resized\"><img loading=\"lazy\" decoding=\"async\" width=\"394\" height=\"394\" src=\"http:\/\/uneveij.cluster023.hosting.ovh.net\/wp-content\/uploads\/2024\/06\/Cles-de-vie.png\" alt=\"\" class=\"wp-image-28\" style=\"width:157px;height:auto\" srcset=\"https:\/\/un-eveil-en-soi.com\/wp-content\/uploads\/2024\/06\/Cles-de-vie.png 394w, https:\/\/un-eveil-en-soi.com\/wp-content\/uploads\/2024\/06\/Cles-de-vie-300x300.png 300w, https:\/\/un-eveil-en-soi.com\/wp-content\/uploads\/2024\/06\/Cles-de-vie-150x150.png 150w\" sizes=\"auto, (max-width: 394px) 100vw, 394px\" \/><\/figure>\n<\/div>\n\n\n<p class=\"has-text-align-center has-accent-color has-text-color has-link-color wp-elements-daff1459f14378e1e124951367a77ac8\" style=\"font-size:22px\"><strong><a href=\"https:\/\/un-eveil-en-soi.com\/index.php\/cle-de-vie\/\">Cl\u00e9s de vie<\/a><\/strong><\/p>\n<\/div>\n<\/div>\n\n\n\n<div class=\"wp-block-columns is-layout-flex wp-container-core-columns-is-layout-28f84493 wp-block-columns-is-layout-flex\">\n<div class=\"wp-block-column is-layout-flow wp-block-column-is-layout-flow\"><\/div>\n<\/div>\n\n\n\n<p><\/p>\n","protected":false},"excerpt":{"rendered":"<p>\ud83d\udc49 Cours de sophrologie en groupe de 6 personnes maximum le jeudi de 18h \u00e0 19h \u2022 \u2022 \u2022 Dans l&#8217;\u00e9coute et la bienveillance Soin La Trame \u00ae Soins \u00e9nerg\u00e9tiques Soins Chamaniques Soins Reiki Usui Sophrologie Hypnose Cl\u00e9s de vie<\/p>\n","protected":false},"author":1,"featured_media":0,"parent":0,"menu_order":0,"comment_status":"closed","ping_status":"closed","template":"","meta":{"footnotes":""},"class_list":["post-36","page","type-page","status-publish","hentry"],"yoast_head":"<!-- This site is optimized with the Yoast SEO plugin v27.0 - https:\/\/yoast.com\/product\/yoast-seo-wordpress\/ -->\n<title>Sabine Lelong-Duclos - Un \u00e9veil en soi - Soins \u00e9nerg\u00e9tiques - Sophrologie<\/title>\n<meta name=\"description\" content=\"Depuis plus de 12 ans , j&#039;accompagne les personnes dans leur cheminement vers le bien-\u00eatre et l\u2019\u00e9panouissement personnel.\" \/>\n<meta name=\"robots\" content=\"index, follow, max-snippet:-1, max-image-preview:large, max-video-preview:-1\" \/>\n<link rel=\"canonical\" href=\"https:\/\/un-eveil-en-soi.com\/\" \/>\n<meta property=\"og:locale\" content=\"en_US\" \/>\n<meta property=\"og:type\" content=\"article\" \/>\n<meta property=\"og:title\" content=\"Sabine Lelong-Duclos - Un \u00e9veil en soi - Soins \u00e9nerg\u00e9tiques - Sophrologie\" \/>\n<meta property=\"og:description\" content=\"Depuis plus de 12 ans , j&#039;accompagne les personnes dans leur cheminement vers le bien-\u00eatre et l\u2019\u00e9panouissement personnel.\" \/>\n<meta property=\"og:url\" content=\"https:\/\/un-eveil-en-soi.com\/\" \/>\n<meta property=\"og:site_name\" content=\"Un \u00e9veil en soi\" \/>\n<meta property=\"article:modified_time\" content=\"2026-02-22T15:56:29+00:00\" \/>\n<meta property=\"og:image\" content=\"https:\/\/un-eveil-en-soi.com\/wp-content\/uploads\/2024\/06\/Soins-energetiquesok.png\" \/>\n\t<meta property=\"og:image:width\" content=\"394\" \/>\n\t<meta property=\"og:image:height\" content=\"394\" \/>\n\t<meta property=\"og:image:type\" content=\"image\/png\" \/>\n<meta name=\"twitter:card\" content=\"summary_large_image\" \/>\n<meta name=\"twitter:label1\" content=\"Est. reading time\" \/>\n\t<meta name=\"twitter:data1\" content=\"1 minute\" \/>\n<script type=\"application\/ld+json\" class=\"yoast-schema-graph\">{\"@context\":\"https:\/\/schema.org\",\"@graph\":[{\"@type\":\"WebPage\",\"@id\":\"https:\/\/un-eveil-en-soi.com\/\",\"url\":\"https:\/\/un-eveil-en-soi.com\/\",\"name\":\"Sabine Lelong-Duclos - Un \u00e9veil en soi - Soins \u00e9nerg\u00e9tiques - Sophrologie\",\"isPartOf\":{\"@id\":\"https:\/\/un-eveil-en-soi.com\/#website\"},\"primaryImageOfPage\":{\"@id\":\"https:\/\/un-eveil-en-soi.com\/#primaryimage\"},\"image\":{\"@id\":\"https:\/\/un-eveil-en-soi.com\/#primaryimage\"},\"thumbnailUrl\":\"http:\/\/uneveij.cluster023.hosting.ovh.net\/wp-content\/uploads\/2024\/06\/Soins-energetiquesok.png\",\"datePublished\":\"2024-06-18T15:30:57+00:00\",\"dateModified\":\"2026-02-22T15:56:29+00:00\",\"description\":\"Depuis plus de 12 ans , j'accompagne les personnes dans leur cheminement vers le bien-\u00eatre et l\u2019\u00e9panouissement personnel.\",\"breadcrumb\":{\"@id\":\"https:\/\/un-eveil-en-soi.com\/#breadcrumb\"},\"inLanguage\":\"en-US\",\"potentialAction\":[{\"@type\":\"ReadAction\",\"target\":[\"https:\/\/un-eveil-en-soi.com\/\"]}]},{\"@type\":\"ImageObject\",\"inLanguage\":\"en-US\",\"@id\":\"https:\/\/un-eveil-en-soi.com\/#primaryimage\",\"url\":\"http:\/\/uneveij.cluster023.hosting.ovh.net\/wp-content\/uploads\/2024\/06\/Soins-energetiquesok.png\",\"contentUrl\":\"http:\/\/uneveij.cluster023.hosting.ovh.net\/wp-content\/uploads\/2024\/06\/Soins-energetiquesok.png\"},{\"@type\":\"BreadcrumbList\",\"@id\":\"https:\/\/un-eveil-en-soi.com\/#breadcrumb\",\"itemListElement\":[{\"@type\":\"ListItem\",\"position\":1,\"name\":\"Accueil\",\"item\":\"https:\/\/un-eveil-en-soi.com\/\"},{\"@type\":\"ListItem\",\"position\":2,\"name\":\"Accueil\"}]},{\"@type\":\"WebSite\",\"@id\":\"https:\/\/un-eveil-en-soi.com\/#website\",\"url\":\"https:\/\/un-eveil-en-soi.com\/\",\"name\":\"Un \u00e9veil en soi - Sabine Lelong - Duclos\",\"description\":\"Dans l&#039;\u00e9coute et la bienveillance\",\"publisher\":{\"@id\":\"https:\/\/un-eveil-en-soi.com\/#organization\"},\"potentialAction\":[{\"@type\":\"SearchAction\",\"target\":{\"@type\":\"EntryPoint\",\"urlTemplate\":\"https:\/\/un-eveil-en-soi.com\/?s={search_term_string}\"},\"query-input\":{\"@type\":\"PropertyValueSpecification\",\"valueRequired\":true,\"valueName\":\"search_term_string\"}}],\"inLanguage\":\"en-US\"},{\"@type\":\"Organization\",\"@id\":\"https:\/\/un-eveil-en-soi.com\/#organization\",\"name\":\"Un \u00e9veil en soi\",\"url\":\"https:\/\/un-eveil-en-soi.com\/\",\"logo\":{\"@type\":\"ImageObject\",\"inLanguage\":\"en-US\",\"@id\":\"https:\/\/un-eveil-en-soi.com\/#\/schema\/logo\/image\/\",\"url\":\"https:\/\/un-eveil-en-soi.com\/wp-content\/uploads\/2024\/06\/Logo-SL.png\",\"contentUrl\":\"https:\/\/un-eveil-en-soi.com\/wp-content\/uploads\/2024\/06\/Logo-SL.png\",\"width\":394,\"height\":250,\"caption\":\"Un \u00e9veil en soi\"},\"image\":{\"@id\":\"https:\/\/un-eveil-en-soi.com\/#\/schema\/logo\/image\/\"}}]}<\/script>\n<!-- \/ Yoast SEO plugin. -->","yoast_head_json":{"title":"Sabine Lelong-Duclos - Un \u00e9veil en soi - Soins \u00e9nerg\u00e9tiques - Sophrologie","description":"Depuis plus de 12 ans , j'accompagne les personnes dans leur cheminement vers le bien-\u00eatre et l\u2019\u00e9panouissement personnel.","robots":{"index":"index","follow":"follow","max-snippet":"max-snippet:-1","max-image-preview":"max-image-preview:large","max-video-preview":"max-video-preview:-1"},"canonical":"https:\/\/un-eveil-en-soi.com\/","og_locale":"en_US","og_type":"article","og_title":"Sabine Lelong-Duclos - Un \u00e9veil en soi - Soins \u00e9nerg\u00e9tiques - Sophrologie","og_description":"Depuis plus de 12 ans , j'accompagne les personnes dans leur cheminement vers le bien-\u00eatre et l\u2019\u00e9panouissement personnel.","og_url":"https:\/\/un-eveil-en-soi.com\/","og_site_name":"Un \u00e9veil en soi","article_modified_time":"2026-02-22T15:56:29+00:00","og_image":[{"width":394,"height":394,"url":"https:\/\/un-eveil-en-soi.com\/wp-content\/uploads\/2024\/06\/Soins-energetiquesok.png","type":"image\/png"}],"twitter_card":"summary_large_image","twitter_misc":{"Est. reading time":"1 minute"},"schema":{"@context":"https:\/\/schema.org","@graph":[{"@type":"WebPage","@id":"https:\/\/un-eveil-en-soi.com\/","url":"https:\/\/un-eveil-en-soi.com\/","name":"Sabine Lelong-Duclos - Un \u00e9veil en soi - Soins \u00e9nerg\u00e9tiques - Sophrologie","isPartOf":{"@id":"https:\/\/un-eveil-en-soi.com\/#website"},"primaryImageOfPage":{"@id":"https:\/\/un-eveil-en-soi.com\/#primaryimage"},"image":{"@id":"https:\/\/un-eveil-en-soi.com\/#primaryimage"},"thumbnailUrl":"http:\/\/uneveij.cluster023.hosting.ovh.net\/wp-content\/uploads\/2024\/06\/Soins-energetiquesok.png","datePublished":"2024-06-18T15:30:57+00:00","dateModified":"2026-02-22T15:56:29+00:00","description":"Depuis plus de 12 ans , j'accompagne les personnes dans leur cheminement vers le bien-\u00eatre et l\u2019\u00e9panouissement personnel.","breadcrumb":{"@id":"https:\/\/un-eveil-en-soi.com\/#breadcrumb"},"inLanguage":"en-US","potentialAction":[{"@type":"ReadAction","target":["https:\/\/un-eveil-en-soi.com\/"]}]},{"@type":"ImageObject","inLanguage":"en-US","@id":"https:\/\/un-eveil-en-soi.com\/#primaryimage","url":"http:\/\/uneveij.cluster023.hosting.ovh.net\/wp-content\/uploads\/2024\/06\/Soins-energetiquesok.png","contentUrl":"http:\/\/uneveij.cluster023.hosting.ovh.net\/wp-content\/uploads\/2024\/06\/Soins-energetiquesok.png"},{"@type":"BreadcrumbList","@id":"https:\/\/un-eveil-en-soi.com\/#breadcrumb","itemListElement":[{"@type":"ListItem","position":1,"name":"Accueil","item":"https:\/\/un-eveil-en-soi.com\/"},{"@type":"ListItem","position":2,"name":"Accueil"}]},{"@type":"WebSite","@id":"https:\/\/un-eveil-en-soi.com\/#website","url":"https:\/\/un-eveil-en-soi.com\/","name":"Un \u00e9veil en soi - Sabine Lelong - Duclos","description":"Dans l&#039;\u00e9coute et la bienveillance","publisher":{"@id":"https:\/\/un-eveil-en-soi.com\/#organization"},"potentialAction":[{"@type":"SearchAction","target":{"@type":"EntryPoint","urlTemplate":"https:\/\/un-eveil-en-soi.com\/?s={search_term_string}"},"query-input":{"@type":"PropertyValueSpecification","valueRequired":true,"valueName":"search_term_string"}}],"inLanguage":"en-US"},{"@type":"Organization","@id":"https:\/\/un-eveil-en-soi.com\/#organization","name":"Un \u00e9veil en soi","url":"https:\/\/un-eveil-en-soi.com\/","logo":{"@type":"ImageObject","inLanguage":"en-US","@id":"https:\/\/un-eveil-en-soi.com\/#\/schema\/logo\/image\/","url":"https:\/\/un-eveil-en-soi.com\/wp-content\/uploads\/2024\/06\/Logo-SL.png","contentUrl":"https:\/\/un-eveil-en-soi.com\/wp-content\/uploads\/2024\/06\/Logo-SL.png","width":394,"height":250,"caption":"Un \u00e9veil en soi"},"image":{"@id":"https:\/\/un-eveil-en-soi.com\/#\/schema\/logo\/image\/"}}]}},"_links":{"self":[{"href":"https:\/\/un-eveil-en-soi.com\/index.php\/wp-json\/wp\/v2\/pages\/36","targetHints":{"allow":["GET"]}}],"collection":[{"href":"https:\/\/un-eveil-en-soi.com\/index.php\/wp-json\/wp\/v2\/pages"}],"about":[{"href":"https:\/\/un-eveil-en-soi.com\/index.php\/wp-json\/wp\/v2\/types\/page"}],"author":[{"embeddable":true,"href":"https:\/\/un-eveil-en-soi.com\/index.php\/wp-json\/wp\/v2\/users\/1"}],"replies":[{"embeddable":true,"href":"https:\/\/un-eveil-en-soi.com\/index.php\/wp-json\/wp\/v2\/comments?post=36"}],"version-history":[{"count":82,"href":"https:\/\/un-eveil-en-soi.com\/index.php\/wp-json\/wp\/v2\/pages\/36\/revisions"}],"predecessor-version":[{"id":1138,"href":"https:\/\/un-eveil-en-soi.com\/index.php\/wp-json\/wp\/v2\/pages\/36\/revisions\/1138"}],"wp:attachment":[{"href":"https:\/\/un-eveil-en-soi.com\/index.php\/wp-json\/wp\/v2\/media?parent=36"}],"curies":[{"name":"wp","href":"https:\/\/api.w.org\/{rel}","templated":true}]}}