{"id":768,"date":"2025-03-04T18:18:11","date_gmt":"2025-03-04T17:18:11","guid":{"rendered":"https:\/\/un-eveil-en-soi.com\/?page_id=768"},"modified":"2025-04-14T15:12:31","modified_gmt":"2025-04-14T13:12:31","slug":"hypnose-humaniste","status":"publish","type":"page","link":"https:\/\/un-eveil-en-soi.com\/index.php\/hypnose-humaniste\/","title":{"rendered":"Hypnose Humaniste"},"content":{"rendered":"\n<div style=\"height:40px\" aria-hidden=\"true\" class=\"wp-block-spacer\"><\/div>\n\n\n\n<div class=\"wp-block-buttons is-content-justification-left is-layout-flex wp-container-core-buttons-is-layout-fc4fd283 wp-block-buttons-is-layout-flex\">\n<div class=\"wp-block-button has-custom-font-size\" style=\"font-size:15px;font-style:normal;font-weight:500\"><a class=\"wp-block-button__link has-white-color has-accent-background-color has-text-color has-background has-link-color wp-element-button\" href=\"https:\/\/un-eveil-en-soi.com\/index.php\/contact\/\" style=\"border-radius:100px;padding-top:var(--wp--preset--spacing--30);padding-bottom:var(--wp--preset--spacing--30)\">Me contacter<\/a><\/div>\n<\/div>\n\n\n\n<figure class=\"wp-block-image size-full is-resized\"><img loading=\"lazy\" decoding=\"async\" width=\"394\" height=\"394\" src=\"https:\/\/un-eveil-en-soi.com\/wp-content\/uploads\/2024\/06\/Soins-sophro.png\" alt=\"Hypnose\nHypnose humaniste\nHypnoth\u00e9rapeute dans le val d\u2019oise\nHypnoth\u00e9rapeute \u00e0 Montigny-les-Cormeilles\nHypnoth\u00e9rapeute pr\u00e8s d'Argenteuil\nHypnoth\u00e9rapeute pr\u00e8s de Cergy-Pontoise\n\" class=\"wp-image-27\" style=\"width:119px;height:auto\" srcset=\"https:\/\/un-eveil-en-soi.com\/wp-content\/uploads\/2024\/06\/Soins-sophro.png 394w, https:\/\/un-eveil-en-soi.com\/wp-content\/uploads\/2024\/06\/Soins-sophro-300x300.png 300w, https:\/\/un-eveil-en-soi.com\/wp-content\/uploads\/2024\/06\/Soins-sophro-150x150.png 150w\" sizes=\"auto, (max-width: 394px) 100vw, 394px\" \/><\/figure>\n\n\n<div class=\"wp-block-image\">\n<figure class=\"alignright size-large is-resized\"><img loading=\"lazy\" decoding=\"async\" width=\"1024\" height=\"1024\" src=\"https:\/\/un-eveil-en-soi.com\/wp-content\/uploads\/2025\/03\/arrangement-beautiful-bloomed-flowers-1024x1024.jpg\" alt=\"\" class=\"wp-image-824\" style=\"width:196px;height:auto\" srcset=\"https:\/\/un-eveil-en-soi.com\/wp-content\/uploads\/2025\/03\/arrangement-beautiful-bloomed-flowers-1024x1024.jpg 1024w, https:\/\/un-eveil-en-soi.com\/wp-content\/uploads\/2025\/03\/arrangement-beautiful-bloomed-flowers-300x300.jpg 300w, https:\/\/un-eveil-en-soi.com\/wp-content\/uploads\/2025\/03\/arrangement-beautiful-bloomed-flowers-150x150.jpg 150w, https:\/\/un-eveil-en-soi.com\/wp-content\/uploads\/2025\/03\/arrangement-beautiful-bloomed-flowers-768x768.jpg 768w, https:\/\/un-eveil-en-soi.com\/wp-content\/uploads\/2025\/03\/arrangement-beautiful-bloomed-flowers-1536x1536.jpg 1536w, https:\/\/un-eveil-en-soi.com\/wp-content\/uploads\/2025\/03\/arrangement-beautiful-bloomed-flowers-2048x2048.jpg 2048w\" sizes=\"auto, (max-width: 1024px) 100vw, 1024px\" \/><\/figure>\n<\/div>\n\n\n<p class=\"has-text-color has-link-color wp-elements-fe6c309969482569ffea0cad2ec4352d\" style=\"color:#743975\"><strong>L&#8217;hypnose humaniste<\/strong> est une approche de l&#8217;hypnose qui se concentre sur la <strong>dimension humaine<\/strong> et la prise en charge de l&#8217;individu dans sa globalit\u00e9<strong> <\/strong>et s&#8217;inscrit dans une perspective plus large que l&#8217;hypnose traditionnelle. Voici quelques caract\u00e9ristiques cl\u00e9s de l&#8217;hypnose humaniste :<\/p>\n\n\n\n<p class=\"has-text-color has-link-color wp-elements-b1471c201d6fd643dcc9d0e9d5d61be6\" style=\"color:#743975\"><strong>1. Orientation vers le bien-\u00eatre :<\/strong> L&#8217;hypnose humaniste vise \u00e0 favoriser le d\u00e9veloppement personnel et l&#8217;\u00e9panouissement de l&#8217;individu. Elle cherche \u00e0 aider les personnes \u00e0 mieux se conna\u00eetre, \u00e0 augmenter leur confiance en soi et \u00e0 atteindre leurs objectifs personnels.<\/p>\n\n\n\n<p class=\"has-text-color has-link-color wp-elements-09215d244eb81866b35e6a522abaab43\" style=\"color:#743975\"><strong>2. Travail sur la conscience :<\/strong> Contrairement \u00e0 d&#8217;autres formes d&#8217;hypnose qui peuvent induire un \u00e9tat de transe profonde, l&#8217;hypnose humaniste maintient une conscience active. Le sujet reste \u00e9veill\u00e9 et conscient de ses pens\u00e9es et de ses sensations, ce qui lui permet de participer activement au processus.<\/p>\n\n\n\n<p class=\"has-text-color has-link-color wp-elements-174d2170d1fc9dd36a21fbf9d9bbbbd0\" style=\"color:#743975\"><strong>3. Utilisation de la suggestion positive :<\/strong> L&#8217;hypnose humaniste utilise des suggestions qui encouragent des changements positifs. Cela peut inclure des visualisations, des m\u00e9taphores et des dialogues internes qui aident le sujet \u00e0 explorer ses ressources internes et \u00e0 surmonter des blocages.<\/p>\n\n\n\n<p class=\"has-text-color has-link-color wp-elements-452ee435a7d0194f1841154713de8776\" style=\"color:#743975\"><strong>4. Approche collaborative :<\/strong> Le processus est souvent vu comme une collaboration entre l&#8217;hypnotiseur et le sujet. Le praticien guide le sujet, mais celui-ci est actif dans son propre processus de transformation.<\/p>\n\n\n\n<p class=\"has-text-color has-link-color wp-elements-d7a2256932572636eec6ec8cf4cb2464\" style=\"color:#743975\"><strong>5. Int\u00e9gration des exp\u00e9riences :<\/strong> L&#8217;hypnose humaniste encourage l&#8217;int\u00e9gration des exp\u00e9riences v\u00e9cues, permettant au sujet de mieux comprendre ses \u00e9motions et ses comportements et de les transformer de mani\u00e8re constructive.<\/p>\n\n\n\n<p class=\"has-text-color has-link-color wp-elements-ef992e84ae74fe8ba356246d719af118\" style=\"color:#743975\">En r\u00e9sum\u00e9, l&#8217;hypnose humaniste met l&#8217;accent sur la croissance personnelle, la conscience active et la collaboration entre le praticien et le sujet, tout en cherchant \u00e0 promouvoir le bien-\u00eatre et le d\u00e9veloppement individuel.<\/p>\n\n\n\n<p class=\"has-text-align-center has-black-color has-text-color has-link-color wp-elements-25731578074df200f9c7568c7277f1f5\"><em><em>Il est important de noter que ce soin ne remplace pas un suivi m\u00e9dical ou psychologique. Il peut \u00eatre consid\u00e9r\u00e9 comme un compl\u00e9ment aux soins traditionnels<\/em><\/em><\/p>\n\n\n\n<p><\/p>\n","protected":false},"excerpt":{"rendered":"<p>L&#8217;hypnose humaniste est une approche de l&#8217;hypnose qui se concentre sur la dimension humaine et la prise en charge de l&#8217;individu dans sa globalit\u00e9 et s&#8217;inscrit dans une perspective plus large que l&#8217;hypnose traditionnelle. Voici quelques caract\u00e9ristiques cl\u00e9s de l&#8217;hypnose humaniste : 1. Orientation vers le bien-\u00eatre : L&#8217;hypnose humaniste [&hellip;]<\/p>\n","protected":false},"author":1,"featured_media":571,"parent":0,"menu_order":0,"comment_status":"closed","ping_status":"closed","template":"","meta":{"footnotes":""},"class_list":["post-768","page","type-page","status-publish","has-post-thumbnail","hentry"],"yoast_head":"<!-- This site is optimized with the Yoast SEO plugin v27.0 - https:\/\/yoast.com\/product\/yoast-seo-wordpress\/ -->\n<title>D\u00e9finition de l&#039;Hypnose humaniste<\/title>\n<meta name=\"description\" content=\"L&#039;hypnose humaniste est une approche de l&#039;hypnose qui se concentre sur la dimension humaine et la prise en charge de l&#039;individu dans sa globalit\u00e9. l&#039;hypnose humaniste met l&#039;accent sur la croissance personnelle, la conscience active et la collaboration entre le praticien et le sujet, tout en cherchant \u00e0 promouvoir le bien-\u00eatre et le d\u00e9veloppement individuel.\" \/>\n<meta name=\"robots\" content=\"index, follow, max-snippet:-1, max-image-preview:large, max-video-preview:-1\" \/>\n<link rel=\"canonical\" href=\"https:\/\/un-eveil-en-soi.com\/index.php\/hypnose-humaniste\/\" \/>\n<meta property=\"og:locale\" content=\"en_US\" \/>\n<meta property=\"og:type\" content=\"article\" \/>\n<meta property=\"og:title\" content=\"D\u00e9finition de l&#039;Hypnose humaniste\" \/>\n<meta property=\"og:description\" content=\"L&#039;hypnose humaniste est une approche de l&#039;hypnose qui se concentre sur la dimension humaine et la prise en charge de l&#039;individu dans sa globalit\u00e9. l&#039;hypnose humaniste met l&#039;accent sur la croissance personnelle, la conscience active et la collaboration entre le praticien et le sujet, tout en cherchant \u00e0 promouvoir le bien-\u00eatre et le d\u00e9veloppement individuel.\" \/>\n<meta property=\"og:url\" content=\"https:\/\/un-eveil-en-soi.com\/index.php\/hypnose-humaniste\/\" \/>\n<meta property=\"og:site_name\" content=\"Un \u00e9veil en soi\" \/>\n<meta property=\"article:modified_time\" content=\"2025-04-14T13:12:31+00:00\" \/>\n<meta property=\"og:image\" content=\"https:\/\/un-eveil-en-soi.com\/wp-content\/uploads\/2024\/11\/cropped-freepik__expand__93257-4.png\" \/>\n\t<meta property=\"og:image:width\" content=\"2000\" \/>\n\t<meta property=\"og:image:height\" content=\"1147\" \/>\n\t<meta property=\"og:image:type\" content=\"image\/png\" \/>\n<meta name=\"twitter:card\" content=\"summary_large_image\" \/>\n<meta name=\"twitter:label1\" content=\"Est. reading time\" \/>\n\t<meta name=\"twitter:data1\" content=\"3 minutes\" \/>\n<script type=\"application\/ld+json\" class=\"yoast-schema-graph\">{\"@context\":\"https:\/\/schema.org\",\"@graph\":[{\"@type\":\"WebPage\",\"@id\":\"https:\/\/un-eveil-en-soi.com\/index.php\/hypnose-humaniste\/\",\"url\":\"https:\/\/un-eveil-en-soi.com\/index.php\/hypnose-humaniste\/\",\"name\":\"D\u00e9finition de l'Hypnose humaniste\",\"isPartOf\":{\"@id\":\"https:\/\/un-eveil-en-soi.com\/#website\"},\"primaryImageOfPage\":{\"@id\":\"https:\/\/un-eveil-en-soi.com\/index.php\/hypnose-humaniste\/#primaryimage\"},\"image\":{\"@id\":\"https:\/\/un-eveil-en-soi.com\/index.php\/hypnose-humaniste\/#primaryimage\"},\"thumbnailUrl\":\"https:\/\/un-eveil-en-soi.com\/wp-content\/uploads\/2024\/11\/cropped-freepik__expand__93257-4.png\",\"datePublished\":\"2025-03-04T17:18:11+00:00\",\"dateModified\":\"2025-04-14T13:12:31+00:00\",\"description\":\"L'hypnose humaniste est une approche de l'hypnose qui se concentre sur la dimension humaine et la prise en charge de l'individu dans sa globalit\u00e9. l'hypnose humaniste met l'accent sur la croissance personnelle, la conscience active et la collaboration entre le praticien et le sujet, tout en cherchant \u00e0 promouvoir le bien-\u00eatre et le d\u00e9veloppement individuel.\",\"breadcrumb\":{\"@id\":\"https:\/\/un-eveil-en-soi.com\/index.php\/hypnose-humaniste\/#breadcrumb\"},\"inLanguage\":\"en-US\",\"potentialAction\":[{\"@type\":\"ReadAction\",\"target\":[\"https:\/\/un-eveil-en-soi.com\/index.php\/hypnose-humaniste\/\"]}]},{\"@type\":\"ImageObject\",\"inLanguage\":\"en-US\",\"@id\":\"https:\/\/un-eveil-en-soi.com\/index.php\/hypnose-humaniste\/#primaryimage\",\"url\":\"https:\/\/un-eveil-en-soi.com\/wp-content\/uploads\/2024\/11\/cropped-freepik__expand__93257-4.png\",\"contentUrl\":\"https:\/\/un-eveil-en-soi.com\/wp-content\/uploads\/2024\/11\/cropped-freepik__expand__93257-4.png\",\"width\":2000,\"height\":1147},{\"@type\":\"BreadcrumbList\",\"@id\":\"https:\/\/un-eveil-en-soi.com\/index.php\/hypnose-humaniste\/#breadcrumb\",\"itemListElement\":[{\"@type\":\"ListItem\",\"position\":1,\"name\":\"Accueil\",\"item\":\"https:\/\/un-eveil-en-soi.com\/\"},{\"@type\":\"ListItem\",\"position\":2,\"name\":\"Hypnose Humaniste\"}]},{\"@type\":\"WebSite\",\"@id\":\"https:\/\/un-eveil-en-soi.com\/#website\",\"url\":\"https:\/\/un-eveil-en-soi.com\/\",\"name\":\"Un \u00e9veil en soi - Sabine Lelong - Duclos\",\"description\":\"Dans l&#039;\u00e9coute et la bienveillance\",\"publisher\":{\"@id\":\"https:\/\/un-eveil-en-soi.com\/#organization\"},\"potentialAction\":[{\"@type\":\"SearchAction\",\"target\":{\"@type\":\"EntryPoint\",\"urlTemplate\":\"https:\/\/un-eveil-en-soi.com\/?s={search_term_string}\"},\"query-input\":{\"@type\":\"PropertyValueSpecification\",\"valueRequired\":true,\"valueName\":\"search_term_string\"}}],\"inLanguage\":\"en-US\"},{\"@type\":\"Organization\",\"@id\":\"https:\/\/un-eveil-en-soi.com\/#organization\",\"name\":\"Un \u00e9veil en soi\",\"url\":\"https:\/\/un-eveil-en-soi.com\/\",\"logo\":{\"@type\":\"ImageObject\",\"inLanguage\":\"en-US\",\"@id\":\"https:\/\/un-eveil-en-soi.com\/#\/schema\/logo\/image\/\",\"url\":\"https:\/\/un-eveil-en-soi.com\/wp-content\/uploads\/2024\/06\/Logo-SL.png\",\"contentUrl\":\"https:\/\/un-eveil-en-soi.com\/wp-content\/uploads\/2024\/06\/Logo-SL.png\",\"width\":394,\"height\":250,\"caption\":\"Un \u00e9veil en soi\"},\"image\":{\"@id\":\"https:\/\/un-eveil-en-soi.com\/#\/schema\/logo\/image\/\"}}]}<\/script>\n<!-- \/ Yoast SEO plugin. -->","yoast_head_json":{"title":"D\u00e9finition de l'Hypnose humaniste","description":"L'hypnose humaniste est une approche de l'hypnose qui se concentre sur la dimension humaine et la prise en charge de l'individu dans sa globalit\u00e9. l'hypnose humaniste met l'accent sur la croissance personnelle, la conscience active et la collaboration entre le praticien et le sujet, tout en cherchant \u00e0 promouvoir le bien-\u00eatre et le d\u00e9veloppement individuel.","robots":{"index":"index","follow":"follow","max-snippet":"max-snippet:-1","max-image-preview":"max-image-preview:large","max-video-preview":"max-video-preview:-1"},"canonical":"https:\/\/un-eveil-en-soi.com\/index.php\/hypnose-humaniste\/","og_locale":"en_US","og_type":"article","og_title":"D\u00e9finition de l'Hypnose humaniste","og_description":"L'hypnose humaniste est une approche de l'hypnose qui se concentre sur la dimension humaine et la prise en charge de l'individu dans sa globalit\u00e9. l'hypnose humaniste met l'accent sur la croissance personnelle, la conscience active et la collaboration entre le praticien et le sujet, tout en cherchant \u00e0 promouvoir le bien-\u00eatre et le d\u00e9veloppement individuel.","og_url":"https:\/\/un-eveil-en-soi.com\/index.php\/hypnose-humaniste\/","og_site_name":"Un \u00e9veil en soi","article_modified_time":"2025-04-14T13:12:31+00:00","og_image":[{"width":2000,"height":1147,"url":"https:\/\/un-eveil-en-soi.com\/wp-content\/uploads\/2024\/11\/cropped-freepik__expand__93257-4.png","type":"image\/png"}],"twitter_card":"summary_large_image","twitter_misc":{"Est. reading time":"3 minutes"},"schema":{"@context":"https:\/\/schema.org","@graph":[{"@type":"WebPage","@id":"https:\/\/un-eveil-en-soi.com\/index.php\/hypnose-humaniste\/","url":"https:\/\/un-eveil-en-soi.com\/index.php\/hypnose-humaniste\/","name":"D\u00e9finition de l'Hypnose humaniste","isPartOf":{"@id":"https:\/\/un-eveil-en-soi.com\/#website"},"primaryImageOfPage":{"@id":"https:\/\/un-eveil-en-soi.com\/index.php\/hypnose-humaniste\/#primaryimage"},"image":{"@id":"https:\/\/un-eveil-en-soi.com\/index.php\/hypnose-humaniste\/#primaryimage"},"thumbnailUrl":"https:\/\/un-eveil-en-soi.com\/wp-content\/uploads\/2024\/11\/cropped-freepik__expand__93257-4.png","datePublished":"2025-03-04T17:18:11+00:00","dateModified":"2025-04-14T13:12:31+00:00","description":"L'hypnose humaniste est une approche de l'hypnose qui se concentre sur la dimension humaine et la prise en charge de l'individu dans sa globalit\u00e9. l'hypnose humaniste met l'accent sur la croissance personnelle, la conscience active et la collaboration entre le praticien et le sujet, tout en cherchant \u00e0 promouvoir le bien-\u00eatre et le d\u00e9veloppement individuel.","breadcrumb":{"@id":"https:\/\/un-eveil-en-soi.com\/index.php\/hypnose-humaniste\/#breadcrumb"},"inLanguage":"en-US","potentialAction":[{"@type":"ReadAction","target":["https:\/\/un-eveil-en-soi.com\/index.php\/hypnose-humaniste\/"]}]},{"@type":"ImageObject","inLanguage":"en-US","@id":"https:\/\/un-eveil-en-soi.com\/index.php\/hypnose-humaniste\/#primaryimage","url":"https:\/\/un-eveil-en-soi.com\/wp-content\/uploads\/2024\/11\/cropped-freepik__expand__93257-4.png","contentUrl":"https:\/\/un-eveil-en-soi.com\/wp-content\/uploads\/2024\/11\/cropped-freepik__expand__93257-4.png","width":2000,"height":1147},{"@type":"BreadcrumbList","@id":"https:\/\/un-eveil-en-soi.com\/index.php\/hypnose-humaniste\/#breadcrumb","itemListElement":[{"@type":"ListItem","position":1,"name":"Accueil","item":"https:\/\/un-eveil-en-soi.com\/"},{"@type":"ListItem","position":2,"name":"Hypnose Humaniste"}]},{"@type":"WebSite","@id":"https:\/\/un-eveil-en-soi.com\/#website","url":"https:\/\/un-eveil-en-soi.com\/","name":"Un \u00e9veil en soi - Sabine Lelong - Duclos","description":"Dans l&#039;\u00e9coute et la bienveillance","publisher":{"@id":"https:\/\/un-eveil-en-soi.com\/#organization"},"potentialAction":[{"@type":"SearchAction","target":{"@type":"EntryPoint","urlTemplate":"https:\/\/un-eveil-en-soi.com\/?s={search_term_string}"},"query-input":{"@type":"PropertyValueSpecification","valueRequired":true,"valueName":"search_term_string"}}],"inLanguage":"en-US"},{"@type":"Organization","@id":"https:\/\/un-eveil-en-soi.com\/#organization","name":"Un \u00e9veil en soi","url":"https:\/\/un-eveil-en-soi.com\/","logo":{"@type":"ImageObject","inLanguage":"en-US","@id":"https:\/\/un-eveil-en-soi.com\/#\/schema\/logo\/image\/","url":"https:\/\/un-eveil-en-soi.com\/wp-content\/uploads\/2024\/06\/Logo-SL.png","contentUrl":"https:\/\/un-eveil-en-soi.com\/wp-content\/uploads\/2024\/06\/Logo-SL.png","width":394,"height":250,"caption":"Un \u00e9veil en soi"},"image":{"@id":"https:\/\/un-eveil-en-soi.com\/#\/schema\/logo\/image\/"}}]}},"_links":{"self":[{"href":"https:\/\/un-eveil-en-soi.com\/index.php\/wp-json\/wp\/v2\/pages\/768","targetHints":{"allow":["GET"]}}],"collection":[{"href":"https:\/\/un-eveil-en-soi.com\/index.php\/wp-json\/wp\/v2\/pages"}],"about":[{"href":"https:\/\/un-eveil-en-soi.com\/index.php\/wp-json\/wp\/v2\/types\/page"}],"author":[{"embeddable":true,"href":"https:\/\/un-eveil-en-soi.com\/index.php\/wp-json\/wp\/v2\/users\/1"}],"replies":[{"embeddable":true,"href":"https:\/\/un-eveil-en-soi.com\/index.php\/wp-json\/wp\/v2\/comments?post=768"}],"version-history":[{"count":20,"href":"https:\/\/un-eveil-en-soi.com\/index.php\/wp-json\/wp\/v2\/pages\/768\/revisions"}],"predecessor-version":[{"id":1067,"href":"https:\/\/un-eveil-en-soi.com\/index.php\/wp-json\/wp\/v2\/pages\/768\/revisions\/1067"}],"wp:featuredmedia":[{"embeddable":true,"href":"https:\/\/un-eveil-en-soi.com\/index.php\/wp-json\/wp\/v2\/media\/571"}],"wp:attachment":[{"href":"https:\/\/un-eveil-en-soi.com\/index.php\/wp-json\/wp\/v2\/media?parent=768"}],"curies":[{"name":"wp","href":"https:\/\/api.w.org\/{rel}","templated":true}]}}